 of 528?
5
What is the hundreds digit of 12205?
2
What is the thousands digit of 3276?
3
What is the units digit of 196?
6
What is the hundreds digit of 15683?
6
What is the units digit of 243?
3
What is the units digit of 987?
7
What is the units digit of 23576?
6
What is the hundreds digit of 19536?
5
What is the hundreds digit of 65343?
3
What is the thousands digit of 9207?
9
What is the hundreds digit of 153?
1
What is the hundreds digit of 2850?
8
What is the hundreds digit of 4565?
5
What is the thousands digit of 2399?
2
What is the hundreds digit of 21120?
1
What is the tens digit of 4218?
1
What is the thousands digit of 4376?
4
What is the hundreds digit of 274?
2
What is the ten thousands digit of 156573?
5
What is the units digit of 7012?
2
What is the units digit of 3500?
0
What is the hundreds digit of 649?
6
What is the hundreds digit of 433?
4
What is the hundreds digit of 18116?
1
What is the hundreds digit of 127?
1
What is the hundreds digit of 4484?
4
What is the units digit of 96876?
6
What is the tens digit of 402?
0
What is the units digit of 50411?
1
What is the hundreds digit of 458?
4
What is the tens digit of 1222?
2
What is the tens digit of 7075?
7
What is the ten thousands digit of 10378?
1
What is the units digit of 241?
1
What is the units digit of 171439?
9
What is the units digit of 107851?
1
What is the tens digit of 90664?
6
What is the units digit of 13388?
8
What is the units digit of 12138?
8
What is the tens digit of 25461?
6
What is the units digit of 1343?
3
What is the hundreds digit of 13773?
7
What is the tens digit of 809?
0
What is the hundreds digit of 55462?
4
What is the units digit of 1999?
9
What is the units digit of 170?
0
What is the thousands digit of 4502?
4
What is the units digit of 34459?
9
What is the thousands digit of 79076?
9
What is the tens digit of 733?
3
What is the hundreds digit of 6035?
0
What is the units digit of 30369?
9
What is the tens digit of 5138?
3
What is the hundreds digit of 486?
4
What is the thousands digit of 26944?
6
What is the hundreds digit of 50741?
7
What is the hundreds digit of 4668?
6
What is the thousands digit of 7031?
7
What is the thousands digit of 6936?
6
What is the hundreds digit of 2399?
3
What is the hundreds digit of 922?
9
What is the units digit of 1907?
7
What is the tens digit of 17662?
6
What is the units digit of 5979?
9
What is the thousands digit of 8879?
8
What is the units digit of 913?
3
What is the hundreds digit of 331?
3
What is the units digit of 1228?
8
What is the tens digit of 46723?
2
What is the hundreds digit of 53875?
8
What is the ten thousands digit of 44606?
4
What is the tens digit of 7488?
8
What is the ten thousands digit of 11118?
1
What is the hundreds digit of 681?
6
What is the tens digit of 5174?
7
What is the hundreds digit of 1145?
1
What is the hundreds digit of 1011?
0
What is the hundreds digit of 1114?
1
What is the thousands digit of 36295?
6
What is the units digit of 413?
3
What is the units digit of 10440?
0
What is the hundreds digit of 548?
5
What is the tens digit of 13753?
5
What is the tens digit of 1546?
4
What is the units digit of 12095?
5
What is the thousands digit of 5432?
5
What is the units digit of 61246?
6
What is the hundreds digit of 10679?
6
What is the hundreds digit of 1331?
3
What is the hundreds digit of 6020?
0
What is the hundreds digit of 12252?
2
What is the units digit of 2651?
1
What is the units digit of 3070?
0
What is the thousands digit of 7803?
7
What is the hundreds digit of 637?
6
What is the hundreds digit of 9823?
8
What is the thousands digit of 3279?
3
What is the tens digit of 6149?
4
What is the units digit of 7521?
1
What is the thousands digit of 86268?
6
What is the tens digit of 1289?
8
What is the units digit of 4887?
7
What is the tens digit of 4060?
6
What is the tens digit of 6141?
4
What is the thousands digit of 53317?
3
What is the ten thousands digit of 63737?
6
What is the units digit of 4024?
4
What is the tens digit of 48349?
4
What is the thousands digit of 14873?
4
What is the units digit of 2539?
9
What is the hundred thousands digit of 104686?
1
What is the tens digit of 48529?
2
What is the units digit of 11399?
9
What is the thousands digit of 188060?
8
What is the tens digit of 6267?
6
What is the tens digit of 5606?
0
What is the thousands digit of 34790?
4
What is the ten thousands digit of 14751?
1
What is the thousands digit of 116754?
6
What is the thousands digit of 3782?
3
What is the tens digit of 16224?
2
What is the units digit of 30134?
4
What is the ten thousands digit of 19515?
1
What is the tens digit of 81678?
7
What is the units digit of 3460?
0
What is the thousands digit of 2379?
2
What is the units digit of 435?
5
What is the tens digit of 63663?
6
What is the hundreds digit of 1570?
5
What is the tens digit of 535?
3
What is the ten thousands digit of 50342?
5
What is the hundred thousands digit of 122291?
1
What is the units digit of 860?
0
What is the units digit of 1437?
7
What is the thousands digit of 2908?
2
What is the tens digit of 88834?
3
What is the hundreds digit of 2792?
7
What is the hundreds digit of 11031?
0
What is the tens digit of 30167?
6
What is the hundreds digit of 296?
2
What is the tens digit of 32086?
8
What is the hundred thousands digit of 117051?
1
What is the hundreds digit of 2682?
6
What is the hundreds digit of 7938?
9
What is the units digit of 850?
0
What is the units digit of 2223?
3
What is the units digit of 1727?
7
What is the tens digit of 62243?
4
What is the hundreds digit of 937?
9
What is the units digit of 1277?
7
What is the thousands digit of 9969?
9
What is the hundreds digit of 1397?
3
What is the hundreds digit of 51573?
5
What is the hundreds digit of 8046?
0
What is the tens digit of 6221?
2
What is the tens digit of 4157?
5
What is the units digit of 22?
2
What is the hundreds digit of 25586?
5
What is the thousands digit of 8280?
8
What is the tens digit of 814?
1
What is the units digit of 4569?
9
What is the units digit of 77272?
2
What is the hundreds digit of 324?
3
What is the units digit of 71426?
6
What is the hundreds digit of 50134?
1
What is the units digit of 1908?
8
What is the hundreds digit of 1372?
3
What is the ten thousands digit of 14762?
1
What is the thousands digit of 99587?
9
What is the hundreds digit of 494?
4
What is the thousands digit of 1133?
1
What is the tens digit of 70404?
0
What is the hundreds digit of 994?
9
What is the thousands digit of 1604?
1
What is the hundreds digit of 51666?
6
What is the tens digit of 44624?
2
What is the hundreds digit of 105113?
1
What is the tens digit of 6145?
4
What is the units digit of 5253?
3
What is the tens digit of 91687?
8
What is the thousands digit of 4423?
4
What is the ten thousands digit of 42125?
4
What is the hundreds digit of 1833?
8
What is the hundreds digit of 588?
5
What is the hundreds digit of 359?
3
What is the units digit of 74268?
8
What is the tens digit of 140?
4
What is the hundreds digit of 452?
4
What is the units digit of 3294?
4
What is the hundreds digit of 41941?
9
What is the thousands digit of 26644?
6
What is the hundreds digit of 6679?
6
What is the tens digit of 1681?
8
What is the units digit of 447?
7
What is the tens digit of 28371?
7
What is the hundreds digit of 40842?
8
What is the hundreds digit of 8778?
7
What is the thousands digit of 49190?
9
What is the units digit of 63?
3
What is the tens digit of 901?
0
What is the tens digit of 95?
9
What is the hundreds digit of 2392?
3
What is the hundreds digit of 130508?
5
What is the tens digit of 6581?
8
What is the thousands digit of 3988?
3
What is the units digit of 56362?
2
What is the units digit of 696?
6
What is the tens digit of 4552?
5
What is the ten thousands digit of 54572?
5
What is the units digit of 7795?
5
What is the tens digit of 789?
8
What is the thousands digit of 141804?
1
What is the tens digit of 624?
2
What is the units digit of 59953?
3
What is the hundreds digit of 7198?
1
What is the tens digit of 15102?
0
What is the hundreds digit of 1423?
4
What is the thousands digit of 2205?
2
What is the hundreds digit of 3538?
5
What is the thousands digit of 72584?
2
What is the uni